(-5) is divided by 6?
1
Let y = 244 - 158. Let v = 134 - y. What is the remainder when v is divided by 4*(-2 + 66/8)?
23
Let b = 20 - 21. Let g(p) = 47*p**2 + p + 1. Let d be g(b). Suppose -2*x - 2 = -8*m + 3*m, 3*x + 5*m - d = 0. Calculate the remainder when 35 is divided by x.
8
Let k(n) = 2*n**2 - 3*n - 26. Calculate the remainder when k(-12) is divided by 60.
58
Let o = -24 - -22. Let q(t) = t**3 - 2*t - 1. Let g be q(o). What is the remainder when (6/g)/(3/(-140)) is divided by 15?
11
Suppose -146 - 70 = -18*q. What is the remainder when 56 is divided by q?
8
Let t(a) = -a**2 - 12*a - 9. Let m be t(-9). Calculate the remainder when 22 is divided by (-560)/(-72) - (-4)/m.
6
Suppose -2*n - 5 = -21. What is the remainder when 1 - (4 + -7) - -1*9 is divided by n?
5
Let h = 4 - 1. Suppose -h*f = -0*f. Suppose 5*z + 52 = w, -5*w - z - 2*z + 120 = f. Calculate the remainder when w is divided by 7.
6
Suppose 4*a - w = 2*a + 455, 0 = 2*a + 5*w - 473. Calculate the remainder when a is divided by 23.
22
Suppose -3*f = 2*t - 3 - 4, 2*t - 4*f = 0. Suppose -t*j + 5*j = -141. Let n = j + 74. What is the remainder when n is divided by 14?
13
Let t = 12 - 20. Let w be (t - (-2 + -1))*-7. Let r = 60 - w. Calculate the remainder when 47 is divided by r.
22
Let j = 48 + -137. Let z = j - -51. Let c = 64 + z. What is the remainder when 51 is divided by c?
25
Let o(q) = -4*q**2 + 2*q + 16. Let g be o(0). Suppose 0 = 5*p - j - 36, -2*p = -3*p - 2*j + g. What is the remainder when 29 is divided by p?
5
Let z(u) = -3*u**2 - 11*u + 8. What is the remainder when 147 is divided by z(-4)?
3
Let v(k) = 20*k - 5. Let r be (-4 - -8)*9/(-6). Let c(x) = 1. Let g(u) = r*c(u) - v(u). What is the remainder when g(-1) is divided by 7?
5
What is the remainder when 83 is divided by 12/2*8/32*14?
20
Let w(l) = l**2 + 25*l - 61. Calculate the remainder when 527 is divided by w(-28).
21
Suppose 0 = 5*x - 3*o - 2*o + 55, 0 = 3*x + o + 21. Let l(f) = -3*f**3 - f**3 + 8 + 3*f**3 - 9*f**2 - 9*f. Calculate the remainder when 47 is divided by l(x).
15
Suppose 2*b - 3*i - 21 = 0, 3*b - 4*i = 4*b + 17. Suppose -62 = -5*h - 27. Calculate the remainder when h is divided by b.
1
Let y(g) = g**2 + g - 1. Let t(z) = z**3 + 12*z**2 - 20*z + 4. Let l(p) = -t(p) - 4*y(p). Calculate the remainder when 49 is divided by l(-17).
15
Let c(r) = 2*r**2 - 26*r + 2. Calculate the remainder when c(13) is divided by 2.
0
Suppose 11*h + 27 = 14*h. Let f = 11 - h. What is the remainder when 9 is divided by f?
1
Suppose 10*d = 5*d + 20. Suppose 0*m = -4*m - d*u + 112, u = 2*m - 44. What is the remainder when m is divided by 13?
11
Suppose 0 = a - 1109 + 1087. What is the remainder when 1251 is divided by a?
19
What is the remainder when 139 is divided by (-9760)/320*-2*(-1 - -2)?
17
Let d(w) = 2*w + 43. Calculate the remainder when 13 is divided by d(-16).
2
Let h(i) = -i + 11. Calculate the remainder when h(10) is divided by (-9)/(-6)*12/18.
0
Suppose -313 = -87*h + 818. Calculate the remainder when h is divided by (-1)/(-2)*(2 - -12).
6
Let d(a) = -4*a + 15. Let y be d(-5). Suppose 3*o - 151 - y = 0. What is the remainder when o is divided by (-3 + 4)/(2/32)?
14
Let v(w) = 10*w - 1. Let o be v(1). Suppose 0 = l - o - 4. Suppose 156 = 3*s - 2*q, -q - 161 - 42 = -4*s. Calculate the remainder when s is divided by l.
11
Let i = 222 + -183. Calculate the remainder when 134 is divided by i.
17
Suppose 12*w - 37 = 11*w + 5*x, -w - 5*x - 3 = 0. Calculate the remainder when w is divided by 12.
5
Suppose 0 = 3*i - 6*i + 15. Suppose -61 = -i*z - 4*c, -3*z + 35 = -0*c + 2*c. Calculate the remainder when z is divided by (-5 + (2 - 3))*-1.
3
Let w = 1104 + -1064. What is the remainder when 278 is divided by w?
38
Suppose -258 - 64 = -7*s. What is the remainder when s is divided by 17?
12
Suppose -3*m + 14 = x + 5, 0 = -2*m + 2. Let j be (-1 - -1)/(x/(-6)). Suppose j*o + o = 19. Calculate the remainder when 36 is divided by o.
17
Let h(y) = 13*y - 1. Let g(d) = -d**3 + 7*d**2 - d + 9. Let x be g(7). Suppose -x*u = -9 + 3. Calculate the remainder when h(u) is divided by 20.
18
Suppose -36*k = -11760 - 5700. Calculate the remainder when k is divided by 81.
80
Let s = 272 + -152. Suppose -p - 20*r = -22*r - 51, -4*p = 4*r - 144. Calculate the remainder when s is divided by p.
38
Let r = -611 - -764. Calculate the remainder when r is divided by 22.
21
Suppose 28 = v - m, -2*v + 3*m - 41 + 100 = 0. Suppose -3*t = 2*t - v. Calculate the remainder when 8 + 0 + (-324 - -339) is divided by t.
3
Let o = -29 - -109. Suppose 6*h - 77 = 49. What is the remainder when o is divided by h?
17
Let i(o) = 2*o**2 - 5*o + 20. Suppose -67 + 119 = 4*n. What is the remainder when i(6) is divided by n?
10
Calculate the remainder when 19*3/6*2 is divided by 1 + -1 + (-121 - -125).
3
Let p(y) = 11*y + 1. Let d be p(1). Suppose 0 = 2*b - 64 - d. Calculate the remainder when b is divided by (2 + 0)*39/6.
12
Let z = -657 + 707. What is the remainder when 295 is divided by z?
45
Suppose -2*w + 5*g = 4, -g = 5*w - 5 - 12. Suppose -4*u + 15 = -b, -5*b - w = 2*u - 4*u. What is the remainder when 18 is divided by u?
2
Suppose 4*l = -l + 315. Let o(p) = -p**2 + p - 1. Let s be o(2). Let m(v) = 3*v**2 + 5*v + 10. Calculate the remainder when l is divided by m(s).
19
Suppose 3*p - 20 = 5*g, -11*p + 13*p - 2*g - 12 = 0. Calculate the remainder when 25 is divided by p.
0
Suppose -u = n - 225, -u - 15 = -20. What is the remainder when n is divided by 19?
11
Let z(f) = -3*f**2 - 29*f + 35. Calculate the remainder when z(-10) is divided by 12.
1
Suppose -5*t - 2*d = 20 - 122, 41 = 2*t + d. Calculate the remainder when 1956 is divided by t.
16
Let n be 4/(-6) - (-12)/18. Suppose 3*u - 36 = -n*u. Let j(i) = -i**3 - 6*i**2 + 3*i + 5. Calculate the remainder when j(-7) is divided by u.
9
Suppose 61*a - 57*a - 818 = 2*d, 0 = -a - d + 200. Calculate the remainder when a is divided by 47.
15
Let p(x) = 4*x**2 + 5*x - 167. Suppose -3*s + 95 = 2*s. What is the remainder when s is divided by p(6)?
5
Let s(z) = -5*z - 2. Let f be s(-1). Let j be -5 - ((-3)/1 + f). What is the remainder when (7 - j)*11/3 is divided by 15?
14
Let d(r) = -r**3 + 15*r**2 - r + 33. Let u(b) = -b**3 + 8*b**2 - 5*b + 1. Let s be u(7). Calculate the remainder when -1 - (-1 + 4*-17) is divided by d(s).
14
Suppose -3 + 7 = r. What is the remainder when 69 is divided by r?
1
Suppose -j - n - 5 = n, -12 = 2*j + 5*n. Calculate the remainder when (j - -5) + 0 + 3 is divided by 2.
1
Let u = -53 + 57. Suppose -u*c + 8 = -4. Calculate the remainder when (-1 + 0)/((-4)/16) is divided by c.
1
Let p be 4 + ((-2)/(-3) - (-350)/15). Suppose 4*j - p = -3*j. What is the remainder when 19 is divided by j?
3
Let n = -30 - -30. Suppose 0*c - 2*c - 166 = -5*v, n = -v - 3*c + 40. Calculate the remainder when 67 is divided by v.
33
Suppose c + 3*c = 3*h - 328, 427 = 4*h + 5*c. Let p = -1198 + 1208. Calculate the remainder when h is divided by p.
8
Suppose 0 = -5*k + 3*v + 7, 0*k + 4*v = 3*k - 13. What is the remainder when 11/(((-1)/k)/1) is divided by (7 - -5)*(-1)/(-2)?
5
Calculate the remainder when 120 is divided by (-62)/((-3)/9*3).
58
What is the remainder when 151 is divided by 15/1 - (-11 - -9)?
15
Suppose -2*x = 4*f - 56, -4*x + 7*x = -3*f + 48. Suppose 2*i - 4*j - 35 = 107, -4*j + f = 0. Let q = -519 + 532. Calculate the remainder when i is divided by q.
12
Let x = 2 + 2. Suppose -4*j + 5*k = -3*j - 16, 2*j + x*k - 32 = 0. Calculate the remainder when j is divided by ((-10)/15)/(6/(-81)).
7
Suppose -32*m = -1165 - 51. What is the remainder when m is divided by 2?
0
Let w(z) = z**3 - 6*z - 3. Let p be w(-2). Suppose -2*g - r = 0, 1 = -5*g - 3*r - p. Calculate the remainder when 4 is divided by g.
0
Let y(r) be the first derivative of -1/4*r**4 - 1/3*r**3 + 3*r**2 + 3*r - 2. Calculate the remainder when y(-4) is divided by 7.
6
Suppose -8*u = -6*u - 142. Let d = u - 26. Calculate the remainder when d is divided by 13.
6
Let u(p) = -12*p + 8 - 7 - 2. Calculate the remainder when u(-2) is divided by 8.
7
Calculate the remainder when 62 is divided by 13 + -3 + 3 + 5.
8
Let k(i) = i**2 - 1. Let r be k(2). Let w be 2*(2 - 9/(-2)). Suppose 7 + w = 4*o - b, r*o = 4*b + 2. What is the remainder when 23 is divided by 